-14)). Suppose 0*c - 8 = d*c. What is w(c)?
-5
Let v(q) = -4*q + 14. Suppose -5*n - 4*t = -51, 2*t + 42 = 3*n + 7. What is v(n)?
-30
Let j(u) = -7*u**3 + 9*u**2 - 6*u - 6. Let l(w) = 3*w**3 - w**2 + w + 1. Let n(x) = -j(x) - 2*l(x). Suppose -k + 6 = -0*k. Calculate n(k).
-8
Let w(h) = h**3 + 19*h**2 + 18*h + 22. Let j(s) = 2*s**3 + 36*s**2 + 34*s + 42. Let x(p) = 3*j(p) - 5*w(p). What is x(-12)?
16
Let m be 4 - -6*(-6)/4. Let w be -2 + m/(-3) + (-11)/(-33). Let v(u) = -u**2 + u - 1. Determine v(w).
-1
Let z(b) = 3*b + 2 + 2 - b**2 - 2. Suppose -16 = -2*q - 2*c + 4, 0 = -q - 2*c + 15. Determine z(q).
-8
Let y(v) = -2*v + 2. Let w be y(-13). Suppose -4*r - s - w = -0*r, 38 = -3*r - 5*s. Let z(h) be the second derivative of h**3/6 - 3*h**2 - h. Determine z(r).
-12
Let w be 180 - 178 - (-5)/(-3). Let u(n) be the second derivative of 0 - 3*n - 1/2*n**3 - w*n**4 + 5/2*n**2 + 1/20*n**5. Calculate u(4).
-7
Let j(a) be the first derivative of a**2 + 6*a + 24. Suppose v = -3*b - 24, -5*v - 9 = 2*b - 2*v. What is j(b)?
-12
Let r be (8/(-10))/(4/(-20)). Let a(c) = r*c - c + 6 - 1 - 5*c. Give a(4).
-3
Let c(h) = -h - 14. Let w(f) be the second derivative of -f**5/10 + 2*f**4 - f**3/3 + 7*f**2 + 9*f. Let k be w(12). Give c(k).
-4
Let k(c) = 17 - 13 + 7*c - c + 5. Calculate k(-4).
-15
Let c(y) = y + 3. Let f(g) be the third derivative of -g**5/60 - 11*g**4/24 - g**3 + 5*g**2. Let v be f(-10). Let d be 22/(-4) - 2/v. Calculate c(d).
-3
Let c(u) be the second derivative of u**4/12 - 7*u**3/3 - 19*u**2/2 + 11*u. Let f be -5*(-4 - (-1)/(-4 - -5)). Give c(f).
-4
Let k(x) = -3*x - 6*x - 11*x + 18*x + 2. Let g be 32/(-12) - 1/3. Calculate k(g).
8
Let q = -26 + 28. Let t = -8 + 13. Let a(j) = -q*j**2 + 3 + 4*j**2 + 4*j**2 - j**3 + 5 + t*j. Calculate a(7).
-6
Let x(q) = -q - 26*q + 5*q - 3 + q**2 - 18 + 5*q. Calculate x(19).
17
Let x(n) be the second derivative of -n**3/6 - 15*n**2/2 - 2*n - 10. Determine x(-15).
0
Let r(t) be the first derivative of -t**4/4 - 7*t**3/3 - 2*t**2 - t - 8. Let d(h) = h**3 + 7*h**2 + 5*h + 2. Let i(u) = 4*d(u) + 5*r(u). Calculate i(-7).
3
Let t(p) be the second derivative of 8*p**4/3 + p**3/6 + p**2/2 + 68*p. Determine t(-1).
32
Let o(j) = -2*j**2 - 8*j + 5. Let d(c) = -c**2 - 19*c - 94. Let h be d(-10). Give o(h).
5
Let h(c) = 4*c + 3. Let a = 14 + -12. Suppose 0 = -a*w - 49 + 41. Give h(w).
-13
Let c = 103 - 110. Let b(a) = -a**2 - 5*a + 10. Let t be b(c). Let o(x) = 2*x + 5. Give o(t).
-3
Let g(z) be the second derivative of -z**5/20 + z**4/6 + 2*z**3/3 - 1188*z. Let a be (-3)/(2/(2*-1)). Calculate g(a).
3
Suppose -b + 14 = 2. Let i(z) = 3*z - 25 + 7 + b. Determine i(5).
9
Suppose 5*x + 4 = 29. Suppose 0*y + y - x = 0. Suppose -y*c + 7 + 18 = 0. Let l(n) = n**2 - 3*n - 1. What is l(c)?
9
Let y(f) = -2*f - 4*f + 4*f - 3 - 1. Let b(i) = i + 1. Let c(r) = -3*b(r) - y(r). Give c(6).
-5
Let f(o) = o - 2. Let s be f(6). Let h = -7 + s. Let n(j) = -j**2 - j. Let y(t) = -3*t**2 - t - 1. Let z(v) = -5*n(v) + y(v). What is z(h)?
5
Let p(k) be the third derivative of -k**5/60 + 7*k**4/24 - k**3 - 76*k**2. What is p(5)?
4
Let l(u) = u**2 - u - 22. Suppose 5*v - 26*v + 105 = 0. Calculate l(v).
-2
Suppose -y = -3*y - 24. Let f be (5/2 - 2)*y. Let w(b) be the second derivative of -b**4/12 - b**3 - 5*b**2/2 + 17*b + 11. Determine w(f).
-5
Let m = -8 - 4. Let s = -10 - m. Let p(v) = -v**3 + 6*v**2 - 3*v + 1. What is p(s)?
11
Let x(z) be the second derivative of -13*z**4/12 + z**2 + 163*z - 2. What is x(2)?
-50
Let n(d) = 2*d + 10*d - 10 - 6 + 0 - d**2 - 4*d. Calculate n(2).
-4
Let r(u) = 3*u**3 - 9*u**2 - u. Let t = -65 - -60. Let y(z) = -5*z**3 + 14*z**2 + 2*z. Let n(m) = t*y(m) - 8*r(m). Give n(-3).
-3
Let t be 8/3*16/(416/39). Let u(k) = -k**2 + 5*k - 13. What is u(t)?
-9
Let r(v) = -v**3 - v**2 + v - 6. Let q = -34 + 34. Let s be ((-6)/(-3))/4*q. Give r(s).
-6
Suppose -3*m - m = -3*g - 75, -3*m + 4*g = -58. Let t(d) = 4 + 3*d**2 + m*d**3 + d - 32*d**3 - 9*d**2 + 15*d**3. Determine t(6).
10
Let y(l) = 11*l**2 - 26*l + 91. Let q(m) = -4*m**2 + 9*m - 32. Let h(u) = -17*q(u) - 6*y(u). Calculate h(2).
12
Let x(t) = 33 - 19 - 13 - 4*t**2 - t. What is x(2)?
-17
Let m(w) be the third derivative of 4/3*w**3 - 1/3*w**4 + 1/60*w**5 + 0*w + 0 - 7*w**2. Give m(7).
1
Let d be (-336)/60 + 3/5. Let w(a) be the first derivative of -a**2/2 + 46. What is w(d)?
5
Let i(d) be the third derivative of d**3 + 0 + 0*d**4 + 1/15*d**5 + 0*d - 1/120*d**6 - 3*d**2. Let m be i(4). Let w(j) = -j**2 + 8*j - 3. Determine w(m).
9
Let c(r) = -r**3 + 14*r**2 - 11*r - 12. Let x be (-26)/91 - 651/(-49). Calculate c(x).
14
Let j(l) = 2*l - 3*l + 3 + 1 - 4*l + l. Calculate j(7).
-24
Let q(o) = -o - 8. Suppose -12 = -x - 42. Let u be 4/10 + 12/x. Suppose -2*p - 3*y = 7, u = -4*y + 3*y + 1. Give q(p).
-3
Let m(f) be the third derivative of -f**6/120 - 7*f**5/60 + 2*f**3/3 - 2*f**2. Let c(z) = 3*z - 2*z + z - 3*z - 1. Let w(x) = -6*c(x) - m(x). What is w(-6)?
2
Suppose -4*r = -6 - 2. Let c(l) = -11*l + r + 14*l - 8*l. Give c(2).
-8
Let x(b) = -2*b + 4. Let h(s) = -s**3 + 2*s**2 + 5*s - 4. Let r(j) = -j + 13. Let k be r(10). Let v be h(k). Let n be v + (2 - -4)/2. Give x(n).
-6
Let n(w) = 3*w**2 - 6*w. Let m(c) = 7*c**2 - 12*c + 1. Let u(f) = -4*m(f) + 9*n(f). Let g be 18/4*1*-2. Let r = -14 - g. What is u(r)?
1
Let m(y) = y**3 - 2*y**2 - y. Let p be (-13)/(-104)*8*(-1 + 0). Calculate m(p).
-2
Let z(u) = -4*u + 4. Let b(j) be the first derivative of -2*j**2 + 3*j + 15. Let w = -11 + 6. Let d(a) = w*b(a) + 4*z(a). Determine d(1).
5
Let c(i) = i**3 + 7*i**2 + 8*i + 9. Let d be c(-6). Let p be 0 + (-5)/((-25)/20). Let r(a) = 2 + p*a**2 + 72*a - 37*a + a**3 - 33*a. Determine r(d).
5
Let g be (-4 + 3)/(2/(-18)). Suppose 2*y + 9 = -g. Let m(z) = z + 3. What is m(y)?
-6
Let z(p) = -p. Suppose m = -3*m + 168. Let c = -48 - -53. Suppose c*o + m = 4*v, -2*o + 3*v + 2*v - 27 = 0. Give z(o).
6
Suppose 4 - 10 = -2*w. Let j(l) = 21*l**2 + 6*l**2 - 27*l**2 + 4*l**2 - l**3 - 2 - 3*l. Determine j(w).
-2
Suppose -4*s = -3*w - w + 4, -3 = -w + 2*s. Let a(j) = -j**2 + 1. What is a(w)?
0
Let d(l) = 2*l - 36. Let m be d(19). Let n(w) = -94*w + 1 + m*w**2 + 0*w**2 + 96*w. Calculate n(-1).
1
Let n(h) be the first derivative of 33 - 5/3*h**3 - 8*h - 1/4*h**4 + 5/2*h**2. Give n(-6).
-2
Suppose -6*l + 8*l = 24. Let v be (3 - 3 - (-8)/l)*9. Let i(q) = -q**3 + 5*q**2 + 4*q + 5. Give i(v).
-7
Let n(m) = 5*m**2 - 9*m - 5. Let w(l) = -18*l + 6*l - 5 + 6*l**2 + 2*l. Let g(j) = -7*n(j) + 6*w(j). Calculate g(-4).
9
Let a = 6 + -12. Suppose 0 = 2*d - 10 + 6. Let f(l) = l**3 + 9*l**2 - 2*l. Let t(s) = s**3 + 8*s**2 - s. Let y(q) = d*f(q) - 3*t(q). Give y(a).
6
Let f(a) = a**3 + 3*a**2 + 2. Let p(i) = i**2 + 5*i + 1. Let z be p(-6). Suppose 3*n - v = 2*v + 6, -n + 2*v + z = 0. Give f(n).
2
Suppose -5*s + 4*m = 7*m - 3, -12 = 3*m. Suppose 2*w + 8 = -4*n, 2*n + 18 = 3*w - 2*n. Let h(y) = 10*y - s*y - y**w - 3*y + 5. Calculate h(5).
0
Let p(h) = -4*h**3 + 2*h**2 - 7*h + 5. Let x = 11 + -17. Let v(s) = -5*s**3 + 3*s**2 - 8*s + 6. Let a(l) = x*p(l) + 5*v(l). Calculate a(4).
-8
Suppose m + 0*m + 2 = 0. Let f be 1/(m - (-5)/2). Let c(r) = 7*r**3 + 2*r**2 - 6*r**3 + f - r**2 + 5. What is c(0)?
7
Suppose -4*m - k - 32 = 0, 35*m = 30*m - 4*k - 40. Let y(v) = v**2 + 9*v + 19. Determine y(m).
11
Let x(z) = 4*z**2 + 5*z - 4. Let a(v) = -v**2 - v + 1. Let k(l) = 5*a(l) + x(l). Let y = 9 - 6. Suppose -4*j + 3*w = 4, -2*j - y*w + 22 = 3*j. Give k(j).
-3
Let d be 2/3*(-9)/6. Let u = d + -1. Let w(o) = 3 + 3*o + 0 + 8 + o**2 - 9. What is w(u)?
0
Let b(u) = 5*u**2 - 13*u - 14. Let z(f) = 23*f**2 - 52*f - 57. Let p(r) = -9*b(r) + 2*z(r). Determine p(-11).
-10
Let s be (-6)/9 - (-150)/9. Let w(g) = -17*g + 0*g**2 - 1 + g**2 + s*g. Determine w(2).
1
Let s(g) = -g**2. Let m(o) = o**2 - o + 3. Let p(r) = -m(r) - 2*s(r). Let w be p(0). Let a(t) = -t**2 - 76*t - 25 + 71*t + 21. Determine a(w).
2
Let f(d) = -d**2 - 8*d + 10. Let j be f(-9). Let s(v) be the second derivative of -3*v + 1/2*v**2 + 0 - 4/3*v**3. What is s(j)?
-7
Let y = 57 + -56. Let l(d) = -5 - 2 - d + y. Determine l(-7).
1
Suppose 4*v - 12 = 4*q, 20 = -5*v - 4*q - 1. Let c(m) = -13*m**2 - 5. Let i(u) = -u**2 - 1. Let k(p) = v*c(p) + 4*i(p). What is k(-1)?
10
Let h(n) = -75*n - 69*n - 